the highest common divisor of m and 36?
18
Suppose -77*s = 1207 - 3594. What is the greatest common divisor of 3503 and s?
31
Suppose 8*p - 312 = -5*p. Calculate the greatest common factor of p and 588.
12
Let g = 52 - 47. Suppose -2*p + 25 = -g*k - 8, -4*p = 3*k - 27. What is the highest common divisor of 45 and p?
9
Let l be ((-140)/50 - -3) + (-448)/(-10). What is the greatest common divisor of l and 9?
9
Let b = -679 + 1255. Calculate the highest common divisor of b and 45.
9
Let o be (0/(-1 - 0))/(-1). Suppose -4*t = 8*x - 4*x, -5*x - 4 = 4*t. Let b = o - x. Calculate the greatest common factor of 6 and b.
2
Suppose -8*l - 8 = -10*l. Suppose 2*s - 12 = l. Suppose 4*t = 4*r + 448, -5*r + s*r = -t + 104. What is the highest common divisor of 44 and t?
22
Let r = -93 - -117. Calculate the highest common divisor of 24 and r.
24
Let h(r) = -r**3 - 5*r**2 + 8*r - 16. Let n be h(-8). What is the highest common factor of n and 6?
2
Let b(d) = 11 - 6*d - 54 + 0*d. Let x be b(-11). What is the highest common factor of 207 and x?
23
Let o be 1/((-5)/75*-5 - 0). Suppose -h + 3*h - 10 = 0. Suppose 8 = h*u + o*b, -u - b = -3*b + 1. Calculate the greatest common factor of u and 5.
1
Suppose 0 = -u + 4*u - 75. Calculate the highest common factor of 25 and u.
25
Let r(j) = -j - 1. Let q be r(-3). Suppose q = 2*s, v + s - 595 = -v. Let i = -14 + 41. Calculate the highest common divisor of v and i.
27
Let a be 6/((-18)/(-1119)) - (-2 + 1). Suppose 5*l - k - a = 162, 0 = -l + k + 104. Calculate the greatest common divisor of l and 12.
12
Let f be -7 - (-48)/20*(-350)/(-15). What is the greatest common divisor of 4361 and f?
49
Let t(i) = i**2 + 22*i - 71. Let r be t(-25). Let o be 3*(r - (1 + 0)). What is the greatest common divisor of 45 and o?
9
Suppose n - 3*n = -4*s, -n = 2*s. Let x(j) = s + 5 + 0*j - j + 6*j. Let h be x(5). What is the greatest common factor of 15 and h?
15
Let o = -5 + 5. Suppose -g - 2 = -2*n, o = g - 2. Calculate the highest common divisor of n and 22.
2
Let m = -32 + 214. What is the greatest common divisor of 14 and m?
14
Let y(k) be the third derivative of k**5/6 + 3*k**4/8 + 13*k**3/6 + 7*k**2. Let q be y(-7). Calculate the highest common divisor of q and 40.
40
Let p(g) = 2*g - 7. Let f be p(7). Suppose 8 = -z - f. Let q be 10/z*3/(-2). What is the highest common factor of q and 3?
1
Suppose 64*h - 69*h + 305 = 0. Let r = -35 + h. What is the highest common factor of 130 and r?
26
Let z(q) = -q**3 - 18*q**2 - 26*q - 87. Let n be z(-17). Let x(t) = -4*t + 2. Let o be x(-5). Calculate the greatest common factor of n and o.
22
Suppose 9*b - 4*b = -2*i + 118, -2*b - i = -47. What is the highest common divisor of 3 and b?
3
Let d = 520 + -495. Suppose 4*v + 5*j - 1125 = 0, -5*v + 1360 = -0*j - 3*j. What is the greatest common divisor of v and d?
25
Let a be (-310)/(-75) - (-7)/((-210)/4). Calculate the highest common divisor of 46 and a.
2
Let s(x) = 9*x + 3. Let g be s(3). Let i(d) = 42*d + 6. Let v be i(7). Suppose -18*q = -14*q - v. What is the highest common divisor of g and q?
15
Let p(k) = k. Let s(h) = h**2 - 4*h - 1. Let a be (-32)/(-6) + 2/3. Let i(c) = a*p(c) + s(c). Let w be i(2). Calculate the greatest common divisor of w and 14.
7
Let z(t) be the first derivative of t**4/4 - 7*t**3/3 + 10*t - 9. Let b be z(7). Calculate the highest common divisor of 10 and b.
10
Let h be 33/8 - (-67)/(-536). Let o be (-255)/(-7) + 3/(-7). Calculate the greatest common factor of h and o.
4
Let y(p) = -24*p + 19. Let z be y(-21). Let o = z - 323. Calculate the greatest common factor of o and 20.
20
Let p = 777 - 1326. Let g be 2/(-10) + p/(-45). Calculate the highest common divisor of g and 12.
12
Let k be (-30)/8*(1 - 5). Let i(x) = x**2 + 35*x - 146. Let l be i(-39). What is the highest common factor of k and l?
5
Suppose 0 = 11*o - 33*o + 286. Calculate the greatest common factor of 364 and o.
13
Suppose 0 = -0*q + q + 3. Let h be (-550)/(-15) - (-2)/q. Let m = -6 + 30. What is the highest common divisor of m and h?
12
Suppose 2*u - 4 = 4*u. Let q be ((-18)/(-21))/(u/(-14)). Suppose 0 = h + f - 19, 3*h + 2*f + 0*f - 53 = 0. Calculate the highest common factor of h and q.
3
Let p be (-8)/36 - 94/(-18). Suppose 0*h + p = h. Suppose 0*t + 35 = t. Calculate the greatest common factor of t and h.
5
Let j = 14 + -10. Suppose -6*m - 6 = -3*m. Let d be -2*(-106 - j/m). What is the highest common factor of d and 26?
26
Suppose -3*j + 13 = -s, -9 = -j - s + 2. Suppose -3*l = j*l - 54. Calculate the highest common factor of 21 and l.
3
Suppose -36*z + 37*z - 1166 = 0. Calculate the highest common divisor of 22 and z.
22
Suppose -b = b. Suppose -5*z + 41 = 2*x, b = -4*z + 11 + 9. Let i = x - -128. What is the highest common factor of 17 and i?
17
Let a = -24 - -26. Suppose -a*z + 39 = z. Let k = 188 - 97. What is the greatest common factor of z and k?
13
Let c be 15/1*2/3. Let y be (-18)/(-10)*(-140)/(-42). Suppose -2*v - y*b = -b - 185, b = v - 75. Calculate the greatest common divisor of c and v.
10
Suppose -2*t - d = -8, -5*t - d = d - 22. Calculate the greatest common factor of 12 and t.
6
Let y be (27/(-324))/((-5)/120). Calculate the greatest common divisor of 208 and y.
2
Let x = 63 - 61. Let n be x/8 + (-217)/(-28). Calculate the highest common factor of 40 and n.
8
Let u = 22 - 24. Let x be (-114)/(-8) + (-14)/(-8) + u. Suppose 4*t - 342 - 162 = 0. Calculate the highest common factor of x and t.
14
Suppose -5*b = p + 15 - 21, 4*p + 5*b = 39. What is the highest common divisor of p and 253?
11
Suppose -13*s - 499 = -889. What is the highest common divisor of 930 and s?
30
Suppose 0 = 9*g - 108. Suppose 0 = 15*f - 3 - g. Let y = -5 - -8. What is the greatest common factor of f and y?
1
Let d = 23 - -30. Let n = -42 + d. What is the highest common factor of 44 and n?
11
Suppose 0 = -u - 3*y + 15, 10*u - 5*u = y + 27. Suppose -8*p + 30 = -6*p. What is the greatest common divisor of u and p?
3
Let g be 203/63 + (-2)/9. Let p be g/(6/14) + -3. Let r be p/(-12) + (-44)/(-6). What is the greatest common factor of r and 14?
7
Let x(r) = -r - 4. Let q = -22 - -15. Let m be x(q). Suppose -5*y + 4*y - 54 = -m*i, -5*i + 90 = 3*y. Calculate the highest common divisor of 144 and i.
18
Suppose 19*n - 2394 = -0*n. What is the greatest common divisor of 1008 and n?
126
Suppose -3*l - 4*b = 2*l - 106, -2*l + 3*b = -47. Suppose -2*x = 3 + 7, 7 = 2*j + 3*x. What is the greatest common divisor of l and j?
11
Let j(n) = -64*n**3 + n**2 + 4*n - 2. Let q be j(-2). Calculate the greatest common divisor of 23 and q.
23
Let y(c) = c**3 - 28*c**2 + 50*c + 86. Let w be y(26). Let j(a) = 45*a + 1. Let f be j(3). What is the greatest common factor of f and w?
34
Let b = 261 - 68. Let l = b - 157. Calculate the highest common factor of l and 24.
12
Suppose 2 - 8 = -2*g. Suppose g*a - 105 = -m - m, 3*m - 132 = 4*a. Let n be (-3)/6*24/(-1). What is the highest common factor of m and n?
12
Let a = 468 - 182. Calculate the highest common factor of a and 88.
22
Let s = 98 - 118. Let j be -1 + (-5)/(s/328). Let w = -16 + 25. What is the highest common divisor of j and w?
9
Let t be 14/(-4)*(-32)/56. Let o = 34 + -33. Calculate the greatest common factor of t and o.
1
Let j(k) = -10*k - 15. Let c be 5 - (-3 - -1) - 3. Suppose c*n = -0*n - 24. Let m be j(n). Calculate the greatest common divisor of m and 15.
15
Suppose -5*n = 5, -2*u + 277 - 81 = 2*n. Calculate the greatest common factor of 11 and u.
11
Let r be 118/(-1416) - 1009/(-12). Let v = 78 - 22. Calculate the highest common factor of v and r.
28
Suppose 16 = 3*a - 3*k - 17, 0 = 2*a - 4*k - 18. Let p = -37 - -42. Let c be (2/(-6))/(p/(-975) - 0). What is the highest common divisor of a and c?
13
Suppose 0 = -2*o - 2*o + 372. Let m = 28 + o. Suppose -5*u = -52 - 3. What is the greatest common factor of u and m?
11
Suppose 7*b - 147 = -63. Calculate the greatest common factor of 52 and b.
4
Suppose 3*z = -f + 318, -f - 2*z = 3*f - 1322. What is the highest common factor of 555 and f?
111
Let x(q) = 10*q - 94. Let f be x(10). What is the highest common divisor of 222 and f?
6
Let k = -14 - -23. Suppose 3*d + 9 = 4*d. What is the highest common factor of k and d?
9
Suppose -23*w + 961 = -419. Calculate the highest common